
What is the greatest common factor of 847712 and 28287?
449
Calculate the greatest common divisor of 120 and 58268040.
120
Calculate the highest common divisor of 3288205 and 244.
61
Calculate the greatest common divisor of 818767 and 361.
19
Calculate the highest common factor of 290700 and 20975.
25
What is the greatest common divisor of 1233 and 4725404?
137
Calculate the highest common factor of 24528320 and 960.
320
What is the greatest common factor of 190 and 13567311?
19
Calculate the highest common factor of 131 and 20331593.
131
What is the highest common factor of 1507 and 7447868?
137
Calculate the greatest common factor of 26514 and 431622.
54
What is the greatest common factor of 4536129 and 60099?
897
Calculate the highest common divisor of 510717321 and 14706.
7353
What is the highest common factor of 2575 and 567015?
515
What is the highest common divisor of 32745708 and 33984?
2124
What is the highest common factor of 92 and 2027162362?
46
Calculate the greatest common factor of 3709210 and 920.
230
Calculate the greatest common divisor of 588 and 1813606620.
588
What is the highest common divisor of 4852 and 316593?
1213
Calculate the greatest common factor of 72492 and 14154.
42
Calculate the highest common factor of 24867 and 6785928.
2763
Calculate the highest common divisor of 175813751 and 37.
37
What is the greatest common divisor of 8950 and 878?
2
Calculate the highest common factor of 556263 and 760.
19
Calculate the greatest common divisor of 66 and 17177545.
11
Calculate the highest common factor of 1042437 and 38874.
1023
Calculate the greatest common factor of 15405110 and 16880.
2110
What is the highest common factor of 13 and 143746746?
13
What is the greatest common divisor of 2003926 and 4046?
578
Calculate the highest common divisor of 7372 and 19582748.
388
Calculate the greatest common factor of 868014 and 99932.
1162
Calculate the highest common factor of 8094 and 5729274.
426
Calculate the highest common factor of 5289817 and 6708.
559
What is the highest common factor of 99415022 and 28?
14
Calculate the greatest common factor of 14072 and 99944.
8
What is the highest common divisor of 67497951 and 565?
113
What is the greatest common divisor of 79352966 and 154?
154
What is the highest common factor of 7906096 and 360?
8
What is the highest common factor of 27984 and 11728?
16
Calculate the highest common divisor of 1816 and 833598480.
1816
What is the greatest common factor of 1735 and 13235?
5
Calculate the greatest common divisor of 333 and 39736631.
37
What is the highest common factor of 10311500 and 9500?
500
Calculate the highest common factor of 156 and 125660652.
156
What is the highest common factor of 2613 and 1125189?
39
Calculate the greatest common factor of 480984520 and 472.
472
What is the greatest common factor of 331695 and 413?
7
Calculate the greatest common divisor of 4480288 and 64.
32
Calculate the highest common factor of 15250977 and 124.
31
What is the highest common factor of 15822 and 4069770?
1758
Calculate the highest common divisor of 936434 and 186998.
722
What is the highest common divisor of 72963 and 69333?
363
What is the greatest common divisor of 14424 and 1226688?
24
What is the greatest common divisor of 28296888 and 1148?
164
What is the highest common divisor of 12096 and 10563336?
504
What is the highest common factor of 5274 and 1412973162?
5274
What is the highest common factor of 80414939 and 22?
11
Calculate the highest common factor of 7032784 and 341.
341
Calculate the greatest common divisor of 51374 and 356524.
34
Calculate the highest common factor of 11327 and 95195.
241
What is the highest common factor of 40535 and 317245?
335
Calculate the greatest common divisor of 2631933 and 12636.
243
Calculate the greatest common factor of 67 and 3994607.
67
Calculate the highest common divisor of 6693826 and 20.
2
What is the highest common divisor of 30699 and 216?
27
Calculate the highest common factor of 76805813 and 16444.
4111
What is the highest common factor of 114396672 and 13056?
13056
What is the highest common divisor of 29795171 and 2877?
959
What is the highest common factor of 4342 and 4506328?
334
Calculate the greatest common factor of 7496 and 50695448.
7496
Calculate the highest common factor of 8709155 and 70.
35
What is the highest common factor of 19 and 202893989?
19
What is the greatest common divisor of 4375 and 6274625?
875
What is the greatest common factor of 10274424 and 152628?
948
What is the greatest common factor of 97094 and 127667?
43
What is the highest common divisor of 80 and 3425720?
40
Calculate the highest common divisor of 10673 and 851377.
821
What is the highest common factor of 2769 and 436683?
39
What is the greatest common divisor of 15 and 31430955?
15
What is the greatest common factor of 48612291 and 273?
273
What is the greatest common divisor of 8438580 and 540?
540
Calculate the greatest common divisor of 33271038 and 25821.
1359
Calculate the greatest common divisor of 5724915 and 525.
105
Calculate the highest common factor of 101039684 and 3464.
1732
What is the highest common divisor of 3480 and 451128?
24
Calculate the greatest common factor of 264 and 379122656.
88
What is the greatest common divisor of 13056 and 405450?
102
Calculate the greatest common divisor of 64681 and 201853.
71
Calculate the greatest common divisor of 136408779 and 6264.
783
Calculate the highest common divisor of 89376 and 5415456.
1824
Calculate the highest common factor of 5700 and 46423650.
2850
What is the highest common divisor of 1745 and 76987655?
1745
What is the highest common divisor of 81 and 40276773?
9
What is the highest common factor of 32865 and 368025?
105
What is the greatest common factor of 8007457 and 9773?
337
Calculate the highest common factor of 42687101 and 986.
29
What is the greatest common factor of 6936679 and 6083309?
12191
What is the highest common factor of 582705 and 1265?
115
Calculate the highest common factor of 6849185 and 35.
35
What is the greatest common divisor of 77 and 30348307?
11
Calculate the greatest common divisor of 1059561948 and 1076.
1076
What is the greatest common divisor of 1474161 and 3939?
39
What is the greatest common factor of 52962 and 72362?
194
What is the highest common divisor of 100 and 5508880?
20
What is the greatest common divisor of 153 and 2371109?
17
Calculate the greatest common factor of 59911 and 150773.
181
Calculate the greatest common factor of 140426 and 202774.
286
Calculate the highest common factor of 24176800 and 18004.
2572
What is the highest common factor of 31007032 and 203?
203
What is the highest common divisor of 13596 and 1207572?
1236
What is the highest common factor of 10504 and 964?
4
What is the highest common factor of 1927 and 1025755589?
1927
What is the highest common divisor of 1216 and 125672?
8
What is the greatest common factor of 50666922 and 576?
18
Calculate the greatest common factor of 123 and 16072943.
41
What is the greatest common factor of 92764 and 99652?
28
Calculate the highest common divisor of 10790 and 37989432.
2158
What is the greatest common factor of 304 and 9419326?
38
Calculate the greatest common factor of 443484855 and 135.
135
Calculate the highest common divisor of 138 and 147653882.
46
What is the greatest common factor of 4320771 and 1828554?
4641
What is the greatest common factor of 224684496 and 48?
48
What is the highest common factor of 3245 and 10933585?
295
What is the greatest common divisor of 66 and 17249254?
22
Calculate the highest common divisor of 47315369 and 3434.
1717
What is the greatest common factor of 784 and 1220506?
14
What is the highest common divisor of 12918939 and 5313?
759
Calculate the highest common divisor of 5379390 and 1770.
30
Calculate the highest common factor of 131 and 2163989.
131
Calculate the highest common divisor of 4362516 and 5004.
36
Calculate the greatest common factor of 10350076 and 1717.
1717
What is the greatest common divisor of 1520 and 9211105?
95
What is the greatest common divisor of 13145 and 570493?
2629
Calculate the highest common divisor of 4300 and 28562700.
100
Calculate the greatest common divisor of 141 and 2955783.
141
Wh